is the hundreds digit of 12556?
5
What is the tens digit of 1231?
3
What is the units digit of 55178?
8
What is the units digit of 4713?
3
What is the units digit of 1462?
2
What is the thousands digit of 1023?
1
What is the units digit of 2063?
3
What is the units digit of 15809?
9
What is the thousands digit of 66958?
6
What is the hundreds digit of 628?
6
What is the tens digit of 14125?
2
What is the tens digit of 12343?
4
What is the hundreds digit of 229?
2
What is the thousands digit of 12640?
2
What is the units digit of 6855?
5
What is the units digit of 1059?
9
What is the thousands digit of 15224?
5
What is the hundreds digit of 1623?
6
What is the hundreds digit of 3735?
7
What is the tens digit of 20115?
1
What is the thousands digit of 16037?
6
What is the hundreds digit of 844?
8
What is the tens digit of 22598?
9
What is the hundreds digit of 45393?
3
What is the hundreds digit of 108086?
0
What is the tens digit of 7151?
5
What is the tens digit of 5301?
0
What is the tens digit of 144?
4
What is the tens digit of 5005?
0
What is the hundreds digit of 3131?
1
What is the hundreds digit of 1667?
6
What is the hundreds digit of 10288?
2
What is the units digit of 58623?
3
What is the thousands digit of 4501?
4
What is the units digit of 1361?
1
What is the thousands digit of 58923?
8
What is the tens digit of 514?
1
What is the hundreds digit of 2732?
7
What is the hundreds digit of 1644?
6
What is the ten thousands digit of 67026?
6
What is the tens digit of 284?
8
What is the ten thousands digit of 12549?
1
What is the hundreds digit of 993?
9
What is the thousands digit of 43691?
3
What is the units digit of 768?
8
What is the units digit of 57947?
7
What is the thousands digit of 3673?
3
What is the tens digit of 1430?
3
What is the thousands digit of 58076?
8
What is the units digit of 2591?
1
What is the units digit of 1991?
1
What is the ten thousands digit of 12814?
1
What is the hundreds digit of 699?
6
What is the hundreds digit of 1441?
4
What is the units digit of 111273?
3
What is the ten thousands digit of 13473?
1
What is the tens digit of 947?
4
What is the units digit of 30007?
7
What is the thousands digit of 1009?
1
What is the thousands digit of 2480?
2
What is the tens digit of 20334?
3
What is the thousands digit of 3059?
3
What is the tens digit of 1456?
5
What is the units digit of 108366?
6
What is the tens digit of 3215?
1
What is the tens digit of 1289?
8
What is the thousands digit of 4109?
4
What is the tens digit of 6121?
2
What is the thousands digit of 1256?
1
What is the thousands digit of 4825?
4
What is the units digit of 7047?
7
What is the thousands digit of 108262?
8
What is the ten thousands digit of 15004?
1
What is the thousands digit of 1744?
1
What is the thousands digit of 2191?
2
What is the ten thousands digit of 48801?
4
What is the units digit of 25789?
9
What is the units digit of 3104?
4
What is the hundreds digit of 9372?
3
What is the hundreds digit of 923?
9
What is the ten thousands digit of 31427?
3
What is the units digit of 344?
4
What is the hundreds digit of 69437?
4
What is the units digit of 7861?
1
What is the thousands digit of 3860?
3
What is the tens digit of 3763?
6
What is the units digit of 16624?
4
What is the hundreds digit of 544?
5
What is the units digit of 1928?
8
What is the tens digit of 2270?
7
What is the ten thousands digit of 162823?
6
What is the thousands digit of 4087?
4
What is the tens digit of 1871?
7
What is the units digit of 8664?
4
What is the hundreds digit of 87516?
5
What is the tens digit of 24939?
3
What is the units digit of 1342?
2
What is the units digit of 1144?
4
What is the units digit of 97287?
7
What is the hundreds digit of 879?
8
What is the hundreds digit of 24794?
7
What is the ten thousands digit of 64799?
6
What is the thousands digit of 22080?
2
What is the tens digit of 2096?
9
What is the tens digit of 2486?
8
What is the tens digit of 22231?
3
What is the hundreds digit of 8250?
2
What is the tens digit of 33759?
5
What is the tens digit of 7410?
1
What is the thousands digit of 1031?
1
What is the units digit of 35300?
0
What is the hundreds digit of 2070?
0
What is the hundreds digit of 8254?
2
What is the units digit of 12152?
2
What is the hundreds digit of 3283?
2
What is the thousands digit of 1840?
1
What is the tens digit of 333?
3
What is the thousands digit of 13697?
3
What is the tens digit of 2456?
5
What is the tens digit of 3007?
0
What is the units digit of 4819?
9
What is the units digit of 2090?
0
What is the hundreds digit of 6274?
2
What is the units digit of 15331?
1
What is the units digit of 682?
2
What is the ten thousands digit of 10779?
1
What is the units digit of 17560?
0
What is the thousands digit of 17485?
7
What is the tens digit of 15152?
5
What is the hundreds digit of 2043?
0
What is the hundreds digit of 692?
6
What is the tens digit of 6048?
4
What is the tens digit of 15661?
6
What is the ten thousands digit of 26329?
2
What is the thousands digit of 25708?
5
What is the ten thousands digit of 39581?
3
What is the hundreds digit of 2828?
8
What is the thousands digit of 66266?
6
What is the tens digit of 121?
2
What is the units digit of 15196?
6
What is the tens digit of 98776?
7
What is the thousands digit of 2058?
2
What is the units digit of 1080?
0
What is the tens digit of 2949?
4
What is the units digit of 257?
7
What is the hundreds digit of 548?
5
What is the units digit of 2064?
4
What is the tens digit of 1269?
6
What is the hundreds digit of 14487?
4
What is the tens digit of 2153?
5
What is the thousands digit of 12561?
2
What is the thousands digit of 13484?
3
What is the hundreds digit of 776?
7
What is the units digit of 460?
0
What is the units digit of 4242?
2
What is the thousands digit of 80434?
0
What is the tens digit of 41762?
6
What is the units digit of 14490?
0
What is the hundreds digit of 7495?
4
What is the units digit of 494?
4
What is the thousands digit of 1071?
1
What is the thousands digit of 5033?
5
What is the units digit of 515?
5
What is the hundreds digit of 9704?
7
What is the hundreds digit of 385?
3
What is the units digit of 2272?
2
What is the thousands digit of 13156?
3
What is the hundreds digit of 2820?
8
What is the units digit of 50457?
7
What is the thousands digit of 3870?
3
What is the thousands digit of 7484?
7
What is the hundreds digit of 41932?
9
What is the hundreds digit of 844?
8
What is the thousands digit of 23832?
3
What is the tens digit of 785?
8
What is the units digit of 371?
1
What is the hundreds digit of 433?
4
What is the units digit of 1763?
3
What is the tens digit of 23426?
2
What is the thousands digit of 5028?
5
What is the tens digit of 469?
6
What is the tens digit of 10146?
4
What is the hundreds digit of 55530?
5
What is the hundreds digit of 1044?
0
What is the tens digit of 8583?
8
What is the hundreds digit of 1983?
9
What is the hundreds digit of 1876?
8
What is the hundreds digit of 4061?
0
What is the units digit of 44794?
4
What is the units digit of 997?
7
What is the thousands digit of 19188?
9
What is the hundreds digit of 293?
2
What is the units digit of 108889?
9
What is the tens digit of 5235?
3
What is the thousands digit of 2424?
2
What is the units digit of 5755?
5
What is the units digit of 2843?
3
What is the tens digit of 92?
9
What is the ten thousands digit of 43617?
4
What is the units digit of 52928?
8
What is the units digit of 1976?
6
What is the tens digit of 53503?
0
What is the ten thousands digit of 65955?
6
What is the units digit of 3191?
1
What is the hundreds digit of 981?
9
What is the units digit of 56140?
0
What is the tens digit of 9537?
3
What is the hundreds digit of 14701?
7
What is the units digit of 653?
3
What is the thousands digit of 8810?
8
What is the tens digit of 56408?
0
What is the hundreds digit of 293?
2
What is the hundreds digit of 5885?
8
What is the hundreds digit of 16434?
4
What is the thousands digit of 1518?
1
What is the units digit of 16867?
7
What is the units digit of 111562?
2
What is the hundreds digit of 1102?
1
What is the units digit of 1058?
8
What is the units digit of 130183?
3
What is the ten thousands digit of 28391?
2
What 